{"id":67,"date":"2015-09-29T09:39:03","date_gmt":"2015-09-29T09:39:03","guid":{"rendered":"http:\/\/ehnberg.fi\/?page_id=67"},"modified":"2026-02-13T08:46:37","modified_gmt":"2026-02-13T08:46:37","slug":"in-english","status":"publish","type":"page","link":"https:\/\/ehnberg.fi\/?page_id=67","title":{"rendered":"In English"},"content":{"rendered":"<p><span style=\"font-family: Times New Roman,serif;\">INFORMATION IN ENGLISH<\/span><\/p>\n<p><span style=\"font-family: Times New Roman,serif;\"><b>Lars Ehnberg<\/b><\/span><\/p>\n<p><span style=\"font-family: Times New Roman,serif;\">Analytical Psychologist (IAAP; Dipl.: C.G.Jung-Institute, Z\u00fcrich), Psychotherapist<\/span><\/p>\n<p>lars@ehnberg.net\u00a0\u00a0\u00a0 (observe different dot ending than homepage) \u00a0\u00a0\u00a0 +358-50-592 8318<\/p>\n<p><span style=\"font-family: Times New Roman,serif;\">Psychotherapy and psychoanalysis with the methods of analytical psychology (C.G.Jung), consultations, supervision, lectures and seminars in themes belonging to the analytical psychology.<\/span><\/p>\n<p><span style=\"font-family: Times New Roman,serif;\">Languages s<\/span><span style=\"font-family: Times New Roman,serif;\">poken<\/span><span style=\"font-family: Times New Roman,serif;\">: English, Swedish, Finnish, German<\/span><\/p>\n<p><span style=\"font-family: Times New Roman,serif;\">Master of Theology (\u00c5bo Akademi, Turku, Finland, 1980). Main fields: Psychology of Religion (History of Religion, Hum. Faculty) and Hospital Counseling (Practical Theology, Theol. Faculty). Studies continued for Licentiate.<\/span><\/p>\n<p>Further studies: Universit\u00e4t Z\u00fcrich<span style=\"color: #000000;\"><span style=\"font-size: medium;\"><span lang=\"en-GB\"> 1983 (Prof. Walter Bernet), 1985-1986 Fak. Phil. I<\/span><\/span><\/span><\/p>\n<p>Studies and vocational education at the C.G.Jung-Institute, Z\u00fcrich, 1981-1987. Diploma 1987 and membership in the IAAP, International Association of Analytical Psychologists. Member of AGAP, Association of Graduate Analytical Psychologists. Code of ethics from AGAP.<\/p>\n<p class=\"western\" align=\"left\"><span style=\"color: #000000;\"><span style=\"font-size: medium;\"><span lang=\"en-GB\">Research and education supported by: <\/span><\/span><\/span><span style=\"color: #000000;\"><span style=\"font-size: medium;\"><span lang=\"en-GB\">Donnerska institutet (Turku) f\u00f6r religionshistorisk och kulturhistorisk forskning, 1981, 1982, 1986, <\/span><\/span><\/span><span style=\"color: #000000;\"><span style=\"font-size: medium;\"><span lang=\"en-GB\">Stiftelsens f\u00f6r \u00c5bo Akademi (Turku) forskningsinstitut 1981<\/span><\/span><\/span><\/p>\n<p class=\"western\" align=\"left\"><span style=\"color: #000000;\"><span style=\"font-size: medium;\"><span lang=\"en-GB\">Major grants: The Lutheran World Federation (Geneva) 1982-1983, <\/span><\/span><\/span><span style=\"color: #000000;\"><span style=\"font-size: medium;\"><span lang=\"en-GB\">The Swiss Government (Eidgen\u00f6ssisches Stipendiekommission, Bern) 1985-1986<\/span><\/span><\/span><\/p>\n<p><span style=\"font-family: Times New Roman,serif;\">Independent professional practise since 1987 in Espoo and Helsinki. Office now in Espoo.<br \/>\n<\/span><\/p>\n<p><span style=\"font-family: Times New Roman,serif;\">Approved to national health insurance reimbursements (KELA).<\/span><\/p>\n<p><span style=\"font-family: Times New Roman,serif;\">Registered psychotherapist, demanding speciallevel (The National Board of Medicolegal Affairs, Terveydenhuollon oikeusturvakeskus, nowadays LVV Lupa- ja Valvontavirasto, Finland).<\/span><\/p>\n<p><span style=\"font-family: Times New Roman,serif;\">Authorised psychotherapist (Social Department, Socialstyrelsen, Sweden).<\/span><\/p>\n<p><span style=\"font-family: Times New Roman,serif;\">Honorary member of Suomen Analyyttisen Psykologian Yhdistys r.y. (SAPY = AAPF Association for Analytical Psychology in Finland, reg.); Member of Suomen C.G.Jung-Seura \u2013 C.G.Jung-S\u00e4llskapet i Finland (The Jung-Society of Finland, unreg.).<\/span><\/p>\n<p><strong><span style=\"font-family: Times New Roman,serif;\">Publications:<\/span><\/strong><\/p>\n<p><span style=\"font-family: Times New Roman,serif;\"><b>In English<\/b><\/span><\/p>\n<p><span style=\"font-family: Times New Roman,serif;\">Ehnberg, Lars (1989): Grandchildren of God and Archetypes. In: Proceedings of the fourth symposium on the psychology of religion in Europe, 1989. Department of Cultural Psychology and Psychology of Religion, University of Nijmegen, The Netherlands.<\/span><\/p>\n<p><span style=\"font-family: Times New Roman,serif;\">Ehnberg, Lars (1995): Grandchildren of God and Archetypes. In: Protestantism and Jungian Psychology. Ed. By Marvin J. Spiegelman, Arizona, New Falcon Publications.<\/span><\/p>\n<p><span style=\"font-family: Times New Roman,serif;\"><span style=\"font-size: medium;\"><b>In Swedish<\/b><\/span><\/span><\/p>\n<p>Monograph:<\/p>\n<p><span style=\"font-family: Times New Roman,serif;\"><span style=\"font-size: medium;\"><u>Guds barnbarn och arketyper<\/u>, diplomavhandling vid C.G.Jung-Institut, Z\u00fcrich, 1987. 100p. (Grandchildren of God and Archetypes. Dissertation at the Jung-institute, Z\u00fcrich).<\/span><\/span><\/p>\n<p><span style=\"font-family: Times New Roman,serif;\"><span style=\"font-size: medium;\">Articles: <\/span><\/span><\/p>\n<p><span style=\"font-family: Times New Roman,serif;\"><span style=\"font-size: medium;\">&#8220;V\u00e5rden av patientens sj\u00e4l&#8221; (Care of the soul of the patient), Hufvudstadsbladet , (Helsinki), 19.10.1979.<\/span><\/span><\/p>\n<p><span style=\"font-family: Times New Roman,serif;\"><span style=\"font-size: medium;\"> &#8220;Jungs liv&#8221; (Jung&#8217;s life; bookreview), Hufvudstadsbladet, (Helsinki) 25.1.1980.<\/span><\/span><\/p>\n<p><span style=\"font-family: Times New Roman,serif;\"><span style=\"font-size: medium;\"> &#8220;V\u00e5r kollektiva neuros&#8221; (Our collective neurosis; review), Hufvudstadsbladet, (Helsinki), 13.6.1980.<\/span><\/span><\/p>\n<p><span style=\"font-family: Times New Roman,serif;\"><span style=\"font-size: medium;\"> &#8220;Bildverk av schizofrena &#8211; en tolkning&#8221; (Pictureworks of schizophrenics \u2013 an interpretation; debate), L\u00e4kartidningen (Stockholm), vol.80, nr 10.<\/span><\/span><\/p>\n<p><span style=\"font-family: Times New Roman,serif;\"><span style=\"font-size: medium;\"> &#8220;Den skapande depressionen&#8221; (The creative depression), Veckan (Helsinki), 15\/1988.<\/span><\/span><\/p>\n<p><span style=\"font-family: Times New Roman,serif;\"><span style=\"font-size: medium;\"> &#8220;Sagan speglar v\u00e5rt inre&#8221; (The fairy tale mirrors our inner; bookreview), Hufvudstadsbladet, (Helsinki), 12.12.1988.<\/span><\/span><\/p>\n<p><span style=\"font-family: Times New Roman,serif;\"><span style=\"font-size: medium;\"> &#8220;Mera om Jung och nazismen&#8221; (More about Jung and nazism; debate), Hufvudstadsbladet, (Helsinki), 29.5.1995.<\/span><\/span><\/p>\n<p><span style=\"font-family: Times New Roman,serif;\"><span style=\"font-size: medium;\"><b>In Finnish<\/b><\/span><\/span><\/p>\n<p>Monographs:<\/p>\n<p><span style=\"font-family: Times New Roman,serif;\"><span style=\"font-size: medium;\"><u>Unia, satuja ja myyttej\u00e4. Johdatus C.G.Jungin analyyttiseen psykologiaan<\/u>. <span lang=\"en-GB\">(Dreams, Fairy Tales and Myths. Introduction to the Analytical Psychology of C.G. Jung)<\/span> Helsinki: Noxboox, 2013, 2. print 2020. 141p.<\/span><\/span><\/p>\n<p>Satujen aarre &#8211; jungilainen tulkinta Grimmin sadusta Kolme h\u00f6yhent\u00e4. (The Treasure of Folk Tales &#8211; a Jungian interpretation of Grimm&#8217;s Fairy tale The Three Feathers). Helsinki: Noxboox, 2022. 135 p.<\/p>\n<p><span style=\"font-family: Times New Roman,serif;\"><span style=\"font-size: medium;\">Articles:<\/span><\/span><\/p>\n<p><span style=\"font-family: Times New Roman,serif;\"><span style=\"font-size: medium;\"> &#8220;Analyyttiseen psykologiaan erikoistuminen&#8221; (To specialize in Analytical Psychology), Psykologia (Helsinki), vol. 24, 2\/1989 (107-109).<\/span><\/span><\/p>\n<p><span style=\"font-family: Times New Roman,serif;\"><span style=\"font-size: medium;\"> &#8220;Symbolien kiehtova maailma jungilaisittain&#8221; (The fascinating world of symbols, jungian view: bookreview), Psykologia, vol. 26, 5\/91 (416-417).<\/span><\/span><\/p>\n<p><span style=\"font-family: Times New Roman,serif;\"><span style=\"font-size: medium;\"> &#8220;Mist\u00e4 mielikuvat tulevat&#8221; (Where the fantasies come from; bookreview), Helsingin Sanomat (Helsinki) (s. A17), 16.2.1992.<\/span><\/span><\/p>\n<p><span style=\"font-family: Times New Roman,serif;\"><span style=\"font-size: medium;\"> &#8220;Oire l\u00e4\u00e4kkeen\u00e4 &#8211; varjon psykologiaa ty\u00f6el\u00e4m\u00e4ss\u00e4&#8221; (The symptom as remedy- the psychology of the shadow in working life), Ty\u00f6terveysl\u00e4\u00e4k\u00e4ri (Helsinki), vol. 10, 3\/92.<\/span><\/span><\/p>\n<p><span style=\"font-family: Times New Roman,serif;\"><span style=\"font-size: medium;\"> \u201cC.G.Jung, juutalaisuus ja Freud\u201d (C.G.Jung, jewishness and Freud; debate), Psykologia (Helsinki), vol. 31, 3\/96 (206-209).<\/span><\/span><\/p>\n<p><span style=\"font-family: Times New Roman,serif;\"><span style=\"font-size: medium;\"> \u201cTerveyden temppeli &#8211; fyysinen hoitoymp\u00e4rist\u00f6 hoitokulttuurin v\u00e4litt\u00e4j\u00e4n\u00e4\u201d (The temple of health \u2013 the material care milieu as a transmitter of health care culture). In: Pieni on kaunista \u2013 projekti vuosina 1994-1996, toim. Anita Kokkola, Helin\u00e4 Kotilainen, Suomen Kuntaliitto, Stakes, Helsinki 1997.<\/span><\/span><\/p>\n<p><span style=\"font-family: Times New Roman,serif;\"><span style=\"font-size: medium;\"> &#8220;Miehen ja is\u00e4n arkkityypeist\u00e4&#8221; (On the archetypes concerning the man and the father). In: &#8220;Miehen tie. Ihminen ja Taide psykoanalyysin, terapian ja semiotiikan n\u00e4k\u00f6kulmasta. 60v. juhlakirja Heikki Majavalle&#8221; toim. Mirja Kaskinen, Etel\u00e4-Karjalan psykoterapiaseura ry, 1999, (s. 35-42).<\/span><\/span><\/p>\n<p>Some recent presentations\/lectures:<\/p>\n<p>&#8220;Yksin\u00e4isyys muutosriiteiss\u00e4 ja muutosprosesseissa&#8221; (Solitude in Rites of Passage and in Processes of Change), Suomen C.G. Jung-Seura, WSOYn kokoustilat Bulevardi, Helsinki, 2011-06-11.<\/p>\n<p>&#8220;Sis\u00e4isen prosessin l\u00f6yt\u00e4minen&#8221; (How to Find the Inner Process), Jung Club, Helsinki, 2015-04-01.<\/p>\n<p>&#8220;Jungilainen psykoterapia &#8211; Unia, satuja ja myyttej\u00e4 ty\u00f6prosessin innostavina ja merkityksellisin\u00e4 taustoina ja instrumentteina&#8221; (Jungian Psychotherapy &#8211; Dreams, Fairy Tales and Myths as Inspiring and Meaningful Backgrounds and Tools for the Working Process ), It\u00e4-Suomen Psykoterapiayhdistys (ispy.fi), Kuopio, 2015-10-23.<\/p>\n<p>&#8220;Parantaja: synty, olemus, loppu&#8221; (The Healer: Birth, Being, End), Jung Club, Helsinki, 2016-02-17.<\/p>\n<p>&#8220;Uskontopsykologia analyyttisessa psykologiassa&#8221; (The Psychology of Religion in Analytical Psychology). Jung Club, Helsinki, 2017-11-29.<\/p>\n<p>&#8220;Parantaja&#8221; (The Healer; extended lecture version). Oulun Seudun Psykologit ry. Pakkala-sali, Oulun kaupunginkirjasto, Oulu, 2018-08-07.<\/p>\n<p>Lectures on basic themes at the basic course 2020-2021 for interested to continue to the Copenhagen institute&#8217;s following vocational education.: The Association experiment; Symbol, Complex, Archetype; The Individuation; Folklore science and Anthropology; Religion and the Spiritual in Jung&#8217;s Psychology. The lectures are available as videos.<\/p>\n<p><span style=\"font-family: Times New Roman,serif;\">Further sources and information:<\/span><\/p>\n<p><span style=\"font-family: Times New Roman,serif;\"><a href=\"http:\/\/www.cgjung.fi\/\">www.cgjung.fi\u00a0\u00a0\u00a0 <\/a><\/span><span style=\"font-family: Times New Roman,serif;\">the homepage of SAPY<br \/>\n<\/span><\/p>\n<p><span style=\"font-family: Times New Roman,serif;\"><a href=\"http:\/\/www.facebook.com\/cgjungsuomessa\">www.facebook.com\/cgjungsuomessa<\/a> \u00a0 SAPY&#8217;s fb pages<\/span><\/p>\n<p><span style=\"font-family: Times New Roman,serif;\"><a href=\"http:\/\/www.iaap.org\/\">www.iaap.org<\/a>\u00a0\u00a0 homepage of the international professional organisation<\/span><\/p>\n<p><span style=\"font-family: Times New Roman,serif;\"><b>The Association for Analytical Psychology in Finland (AAPF):<\/b> Suomen Analyyttisen Psykologian Yhdistys r.y., shortly SAPY, is an association for four jungian graduated professionals working permanently in Finland.<\/span><\/p>\n<p><span style=\"font-family: Times New Roman,serif;\"><b>The <\/b><b>Finnish <\/b><b>Jung-Society: <\/b>Suomen C.G.Jung-Seura \u2013 C.G. Jung-S\u00e4llskapet i Finland, is an unregistered society of around 70 professionals, who in their work are interested in the perspectives from the analytical psychology. The society mostly functions as an information channel for events on or near analytical psychology. Contactperson is at the moment Harri Virtanen, havirtain@gmail.com<\/span><\/p>\n","protected":false},"excerpt":{"rendered":"<p>INFORMATION IN ENGLISH Lars Ehnberg Analytical Psychologist (IAAP; Dipl.: C.G.Jung-Institute, Z\u00fcrich), Psychotherapist lars@ehnberg.net\u00a0\u00a0\u00a0 (observe different dot ending than homepage) \u00a0\u00a0\u00a0 +358-50-592 8318 Psychotherapy and psychoanalysis with the methods of analytical psychology (C.G.Jung), consultations, supervision, lectures and seminars in themes belonging to the analytical psychology. Languages spoken: English, Swedish, Finnish, German Master of Theology (\u00c5bo Akademi, &hellip; <a href=\"https:\/\/ehnberg.fi\/?page_id=67\" class=\"more-link\">Continue reading <span class=\"screen-reader-text\">In English<\/span> <span class=\"meta-nav\">&rarr;<\/span><\/a><\/p>\n","protected":false},"author":1,"featured_media":0,"parent":0,"menu_order":0,"comment_status":"closed","ping_status":"closed","template":"","meta":{"footnotes":""},"class_list":["post-67","page","type-page","status-publish","hentry"],"_links":{"self":[{"href":"https:\/\/ehnberg.fi\/index.php?rest_route=\/wp\/v2\/pages\/67","targetHints":{"allow":["GET"]}}],"collection":[{"href":"https:\/\/ehnberg.fi\/index.php?rest_route=\/wp\/v2\/pages"}],"about":[{"href":"https:\/\/ehnberg.fi\/index.php?rest_route=\/wp\/v2\/types\/page"}],"author":[{"embeddable":true,"href":"https:\/\/ehnberg.fi\/index.php?rest_route=\/wp\/v2\/users\/1"}],"replies":[{"embeddable":true,"href":"https:\/\/ehnberg.fi\/index.php?rest_route=%2Fwp%2Fv2%2Fcomments&post=67"}],"version-history":[{"count":21,"href":"https:\/\/ehnberg.fi\/index.php?rest_route=\/wp\/v2\/pages\/67\/revisions"}],"predecessor-version":[{"id":268,"href":"https:\/\/ehnberg.fi\/index.php?rest_route=\/wp\/v2\/pages\/67\/revisions\/268"}],"wp:attachment":[{"href":"https:\/\/ehnberg.fi\/index.php?rest_route=%2Fwp%2Fv2%2Fmedia&parent=67"}],"curies":[{"name":"wp","href":"https:\/\/api.w.org\/{rel}","templated":true}]}}